mmon factor of 11 and 341?
11
What is the greatest common factor of 1035 and 2205?
45
What is the greatest common factor of 63 and 651?
21
What is the greatest common factor of 3940 and 60?
20
Calculate the highest common divisor of 102 and 7412.
34
What is the highest common divisor of 102 and 969?
51
Calculate the greatest common factor of 16 and 2.
2
Calculate the greatest common factor of 1001 and 77.
77
What is the highest common factor of 3 and 3?
3
What is the greatest common divisor of 598 and 78?
26
Calculate the greatest common divisor of 120 and 40.
40
What is the greatest common factor of 203 and 1682?
29
What is the highest common factor of 35 and 15?
5
What is the highest common divisor of 507 and 390?
39
Calculate the greatest common factor of 1 and 3.
1
Calculate the greatest common factor of 10 and 2430.
10
Calculate the highest common factor of 1456 and 14.
14
What is the greatest common divisor of 6391 and 77?
77
Calculate the highest common factor of 3999 and 129.
129
What is the greatest common factor of 280 and 760?
40
What is the greatest common factor of 2106 and 342?
18
What is the greatest common factor of 27 and 6?
3
Calculate the greatest common factor of 14 and 3528.
14
Calculate the highest common divisor of 22 and 4873.
11
Calculate the greatest common factor of 21 and 861.
21
Calculate the greatest common factor of 7215 and 13.
13
Calculate the greatest common factor of 138 and 30.
6
What is the greatest common divisor of 49 and 707?
7
Calculate the highest common factor of 222 and 111.
111
Calculate the highest common factor of 226 and 4.
2
What is the greatest common factor of 76 and 513?
19
Calculate the greatest common divisor of 27 and 288.
9
Calculate the greatest common divisor of 153 and 1054.
17
What is the highest common factor of 783 and 27?
27
Calculate the highest common factor of 5520 and 60.
60
Calculate the highest common factor of 1928 and 8.
8
Calculate the highest common divisor of 8 and 132.
4
What is the greatest common divisor of 121 and 14520?
121
Calculate the highest common factor of 5110 and 210.
70
What is the highest common divisor of 195 and 156?
39
Calculate the greatest common divisor of 36 and 12.
12
Calculate the highest common factor of 18724 and 248.
124
What is the highest common factor of 2211 and 99?
33
What is the highest common factor of 754 and 232?
58
Calculate the highest common divisor of 854 and 14.
14
What is the greatest common factor of 160 and 260?
20
Calculate the greatest common factor of 225 and 198.
9
What is the greatest common factor of 119 and 51?
17
What is the highest common divisor of 864 and 8352?
288
Calculate the greatest common factor of 64 and 20752.
16
What is the highest common factor of 169 and 52?
13
Calculate the highest common divisor of 144 and 414.
18
Calculate the highest common divisor of 31 and 341.
31
What is the highest common factor of 8134 and 498?
166
Calculate the highest common factor of 6 and 294.
6
What is the highest common factor of 162 and 171?
9
Calculate the highest common factor of 117 and 27.
9
Calculate the greatest common divisor of 70 and 595.
35
Calculate the greatest common divisor of 388 and 97.
97
What is the greatest common factor of 72 and 8?
8
Calculate the greatest common factor of 2936 and 104.
8
Calculate the greatest common factor of 364 and 52.
52
What is the highest common factor of 110 and 60?
10
Calculate the highest common divisor of 120 and 280.
40
Calculate the highest common factor of 82 and 1558.
82
What is the highest common divisor of 2662 and 88?
22
What is the greatest common factor of 6 and 1215?
3
What is the highest common divisor of 880 and 360?
40
What is the greatest common divisor of 6285 and 105?
15
Calculate the highest common factor of 561 and 429.
33
Calculate the highest common factor of 21 and 763.
7
What is the greatest common divisor of 1350 and 378?
54
What is the greatest common divisor of 198 and 666?
18
Calculate the highest common factor of 33 and 1331.
11
What is the highest common factor of 23832 and 96?
24
What is the highest common factor of 448 and 35?
7
What is the greatest common factor of 481 and 222?
37
What is the highest common divisor of 1068 and 12?
12
Calculate the highest common divisor of 3280 and 160.
80
What is the highest common factor of 1090 and 6?
2
What is the highest common divisor of 90 and 330?
30
Calculate the greatest common factor of 54 and 54.
54
Calculate the greatest common factor of 7272 and 16.
8
Calculate the highest common factor of 510 and 306.
102
What is the greatest common factor of 140 and 30?
10
Calculate the greatest common divisor of 23 and 8.
1
What is the highest common divisor of 559 and 43?
43
Calculate the greatest common factor of 34 and 14671.
17
Calculate the greatest common divisor of 1064 and 4655.
133
What is the highest common factor of 36 and 444?
12
What is the highest common factor of 152 and 108?
4
Calculate the highest common factor of 4 and 64.
4
Calculate the greatest common divisor of 37 and 42587.
37
What is the greatest common divisor of 220 and 2442?
22
Calculate the highest common divisor of 1935 and 1505.
215
What is the greatest common divisor of 168 and 248?
8
What is the highest common factor of 96 and 54?
6
Calculate the highest common factor of 32 and 1088.
32
What is the highest common divisor of 747 and 332?
83
What is the greatest common divisor of 1494 and 18?
18
What is the greatest common factor of 7957 and 327?
109
Calculate the highest common divisor of 490 and 147.
49
Calculate the greatest common divisor of 38331 and 9.
9
What is the greatest common divisor of 49 and 35?
7
What is the greatest common divisor of 25 and 15?
5
Calculate the greatest common divisor of 200 and 675.
25
Calculate the highest common factor of 24 and 109560.
24
What is the greatest common divisor of 3 and 692?
1
What is the greatest common divisor of 1071 and 595?
119
What is the greatest common factor of 874 and 782?
46
What is the greatest common factor of 52 and 117?
13
What is the greatest common factor of 7680 and 20?
20
What is the highest common factor of 38 and 1159?
19
What is the greatest common factor of 95 and 1311?
19
Calculate the highest common factor of 13311 and 306.
153
What is the highest common divisor of 1920 and 20?
20
What is the highest common divisor of 25 and 95?
5
Calculate the greatest common factor of 980 and 20.
20
Calculate the greatest common divisor of 64 and 928.
32
What is the highest common factor of 154 and 1141?
7
What is the highest common divisor of 5334 and 42?
42
Calculate the greatest common factor of 1224 and 544.
136
Calculate the highest common factor of 163 and 2608.
163
What is the greatest common divisor of 26685 and 45?
45
What is the highest common factor of 48 and 4144?
16
Calculate the greatest common divisor of 351 and 897.
39
Calculate the greatest common factor of 11 and 88.
11
Calculate the greatest common factor of 1852 and 48.
4
What is the highest common factor of 459 and 54?
27
Calculate the highest common divisor of 25 and 135.
5
What is the highest common divisor of 29 and 1189?
29
Calculate the greatest common factor of 8 and 412.
4
Calculate the highest common factor of 20 and 20.
20
What is the greatest common factor of 12 and 99?
3
What is the greatest common divisor of 66 and 1842?
6
Calculate the highest common divisor of 496 and 64.
16
What is the greatest common divisor of 1012 and 644?
92
Calculate the greatest common factor of 126 and 28.
14
Calculate the highest common divisor of 315 and 180.
45
Calculate the greatest common divisor of 30 and 168.
6
What is the highest common factor of 160 and 220?
20
Calculate the highest common factor of 177 and 118.
59
Calculate the greatest common divisor of 63 and 112.
7
What is the greatest common divisor of 1102 and 58?
58
Calculate the greatest common divisor of 4 and 76.
4
Calculate the highest common divisor of 1816 and 6583.
227
What is the greatest common factor of 1806 and 168?
42
Calculate the highest common factor of 213 and 10295.
71
What is the highest common divisor of 234 and 806?
26
Calculate the highest common divisor of 189 and 315.
63
What is the highest common factor of 498 and 24?
6
W